
What are the prime factors of 506710?
2, 5, 50671
What are the prime factors of 3185448?
2, 3, 7, 67, 283
List the prime factors of 58212.
2, 3, 7, 11
List the prime factors of 4945014.
2, 3, 274723
What are the prime factors of 624734?
2, 11, 73, 389
List the prime factors of 10006775.
5, 571, 701
What are the prime factors of 5519803?
5519803
List the prime factors of 496656.
2, 3, 3449
What are the prime factors of 31424592?
2, 3, 654679
List the prime factors of 29526324.
2, 3, 2460527
List the prime factors of 749627.
139, 5393
What are the prime factors of 2138795?
5, 103, 4153
List the prime factors of 10710058.
2, 107, 50047
List the prime factors of 6716.
2, 23, 73
What are the prime factors of 212040?
2, 3, 5, 19, 31
What are the prime factors of 1832085?
3, 5, 41, 331
List the prime factors of 185032.
2, 101, 229
What are the prime factors of 1993599?
3, 47, 1571
What are the prime factors of 2770318?
2, 43, 32213
List the prime factors of 15897618.
2, 3, 11, 17, 4723
List the prime factors of 1714440.
2, 3, 5, 7, 13, 157
What are the prime factors of 773490?
2, 3, 5, 19, 23, 59
List the prime factors of 2506690.
2, 5, 439, 571
What are the prime factors of 316211?
7, 199, 227
List the prime factors of 5956725.
3, 5, 79423
List the prime factors of 166918.
2, 83459
List the prime factors of 181984.
2, 11, 47
List the prime factors of 136131.
3, 45377
List the prime factors of 78192.
2, 3, 181
List the prime factors of 13965822.
2, 3, 13, 4591
List the prime factors of 7569869.
7569869
List the prime factors of 4577452.
2, 11, 104033
List the prime factors of 414965.
5, 149, 557
List the prime factors of 2129376.
2, 3, 41, 541
What are the prime factors of 918149?
918149
What are the prime factors of 120844?
2, 30211
List the prime factors of 13350827.
7, 997, 1913
List the prime factors of 931313.
931313
What are the prime factors of 56432?
2, 3527
List the prime factors of 6129167.
11, 557197
List the prime factors of 8292559.
11, 337, 2237
What are the prime factors of 6790852?
2, 67, 25339
List the prime factors of 1692763.
1692763
What are the prime factors of 2603844?
2, 3, 151, 479
List the prime factors of 27984990.
2, 3, 5, 11, 137, 619
What are the prime factors of 94328?
2, 13, 907
List the prime factors of 683418.
2, 3, 113903
List the prime factors of 923276.
2, 230819
What are the prime factors of 219722?
2, 61, 1801
What are the prime factors of 731710?
2, 5, 7, 10453
List the prime factors of 4857875.
5, 11, 3533
What are the prime factors of 2372060?
2, 5, 118603
What are the prime factors of 826438?
2, 17, 109, 223
List the prime factors of 6206693.
6206693
List the prime factors of 234257.
73, 3209
List the prime factors of 348047.
7, 7103
List the prime factors of 16470781.
16470781
List the prime factors of 8241302.
2, 4120651
What are the prime factors of 166252?
2, 89, 467
List the prime factors of 1285901.
19, 67679
What are the prime factors of 13974487?
13974487
List the prime factors of 426826.
2, 101, 2113
List the prime factors of 15314995.
5, 3062999
What are the prime factors of 44738?
2, 22369
List the prime factors of 550262.
2, 275131
What are the prime factors of 507706?
2, 253853
What are the prime factors of 5438957?
787, 6911
What are the prime factors of 6676064?
2, 208627
List the prime factors of 17747326.
2, 8873663
What are the prime factors of 6603575?
5, 11, 37, 59
What are the prime factors of 12046116?
2, 3, 383, 2621
What are the prime factors of 39132?
2, 3, 1087
List the prime factors of 321549.
3, 107183
What are the prime factors of 1258360?
2, 5, 163, 193
List the prime factors of 24550250.
2, 5, 283, 347
List the prime factors of 716871.
3, 83, 2879
What are the prime factors of 5677295?
5, 13, 19, 4597
What are the prime factors of 2230?
2, 5, 223
What are the prime factors of 3055062?
2, 3, 479, 1063
What are the prime factors of 13309194?
2, 3, 2218199
What are the prime factors of 2662215?
3, 5, 177481
What are the prime factors of 7109265?
3, 5, 473951
List the prime factors of 1180285.
5, 113, 2089
What are the prime factors of 7372831?
179, 41189
List the prime factors of 30106153.
7, 11, 390989
List the prime factors of 4047853.
17, 238109
List the prime factors of 403596.
2, 3, 37, 101
List the prime factors of 4506070.
2, 5, 61, 83, 89
List the prime factors of 188918.
2, 59, 1601
What are the prime factors of 4494072?
2, 3, 11, 29, 587
What are the prime factors of 202438?
2, 127, 797
What are the prime factors of 2142403?
2142403
List the prime factors of 703320.
2, 3, 5, 5861
What are the prime factors of 1055191?
1055191
What are the prime factors of 245375?
5, 13, 151
What are the prime factors of 18280?
2, 5, 457
What are the prime factors of 538890?
2, 3, 5, 11, 23, 71
List the prime factors of 1555978.
2, 777989
What are the prime factors of 577511?
11, 52501
List the prime factors of 346133.
346133
List the prime factors of 8983892.
2, 23, 97651
What are the prime factors of 536698?
2, 149, 1801
What are the prime factors of 972869?
972869
What are the prime factors of 3020115?
3, 5, 7, 587
List the prime factors of 11984550.
2, 3, 5, 109, 733
List the prime factors of 1546694.
2, 17, 45491
What are the prime factors of 4565830?
2, 5, 83, 5501
List the prime factors of 14263316.
2, 3565829
List the prime factors of 18137378.
2, 7, 101, 127
What are the prime factors of 36091?
11, 17, 193
List the prime factors of 513827.
71, 7237
List the prime factors of 168085.
5, 33617
List the prime factors of 646425.
3, 5, 13, 17
List the prime factors of 101261.
109, 929
List the prime factors of 278586.
2, 3, 7, 11, 67
What are the prime factors of 300007?
300007
List the prime factors of 366824.
2, 45853
What are the prime factors of 329363?
317, 1039
List the prime factors of 779057.
19, 131, 313
List the prime factors of 230819.
230819
What are the prime factors of 8333571?
3, 19, 146203
List the prime factors of 52408.
2, 6551
List the prime factors of 448651.
7, 107, 599
List the prime factors of 401749.
43, 9343
What are the prime factors of 5378641?
877, 6133
List the prime factors of 737026.
2, 368513
List the prime factors of 1764002.
2, 107, 8243
What are the prime factors of 95777?
11, 8707
List the prime factors of 4197333.
3, 7, 199873
List the prime factors of 9673372.
2, 2418343
List the prime factors of 8773969.
8773969
List the prime factors of 33216.
2, 3, 173
List the prime factors of 2381781.
3, 793927
List the prime factors of 10492568.
2, 701, 1871
List the prime factors of 171333.
3, 19037
What are the prime factors of 17845106?
2, 8922553
What are the prime factors of 348244?
2, 13, 37, 181
What are the prime factors of 1051048?
2, 131381
List the prime factors of 2415845.
5, 29, 16661
What are the prime factors of 6512647?
6512647
List the prime factors of 1830604.
2, 457651
What are the prime factors of 10175990?
2, 5, 11, 79, 1171
List the prime factors of 10697263.
31, 233, 1481
List the prime factors of 15638880.
2, 3, 5, 31, 1051
List the prime factors of 316724.
2, 79181
List the prime factors of 328374.
2, 3, 2027
List the prime factors of 535075.
5, 17, 1259
List the prime factors of 284598.
2, 3, 97, 163
List the prime factors of 1264944.
2, 3, 19, 73
What are the prime factors of 236582?
2, 29, 4079
List the prime factors of 1070888.
2, 7, 13, 1471
List the prime factors of 12452617.
239, 52103
List the prime factors of 390301.
607, 643
What are the prime factors of 1419741?
3, 52583
What are the prime factors of 364625?
5, 2917
What are the prime factors of 120473?
120473
What are the prime factors of 117745?
5, 23549
List the prime factors of 8387289.
3, 931921
What are the prime factors of 9523572?
2, 3, 31, 25601
List the prime factors of 12927.
3, 31, 139
What are the prime factors of 153705?
3, 5, 10247
List the prime factors of 3456333.
3, 47, 8171
List the prime factors of 223423.
223423
What are the prime factors of 354350?
2, 5, 19, 373
What are the prime factors of 12269150?
2, 5, 245383
What are the prime factors of 556972?
2, 13, 10711
What are the prime factors of 2549573?
13, 23, 8527
List the prime factors of 7677880.
2, 5, 7, 17, 1613
List the prime factors of 146718.
2, 3, 11, 13, 19
List the prime factors of 3352